 677. What is the tens digit of f?
9
Suppose 0 = 5*n - n + 5*q + 16, 21 = 5*n - 4*q. What is the tens digit of (-9)/18*(-188)/n?
9
Let o(t) be the first derivative of -t + 2/3*t**3 - 2 + 1/2*t**2. What is the tens digit of o(-3)?
1
Let w be (4 + -2)*(-1)/(-2). Let r(p) = -p**3 + p**2 + 2*p + 2. Let c be r(2). Suppose -w = c*v - 7. What is the units digit of v?
3
Suppose 0 = r - 15 + 15. Suppose 51 = -5*b + 5*u + 326, r = -5*u - 10. What is the units digit of b?
3
Let k(a) = -54*a + 1243. What is the tens digit of k(-29)?
0
Let o be 1*10/(-2) - -8. Let h(q) = -q**2 - 8*q + 12. Let g be h(-9). Suppose -2*a = -2*x + 3*x - 79, -210 = -g*x + o*a. What is the tens digit of x?
7
What is the hundreds digit of 6/3*(-420)/(-6)?
1
Let a be (-270)/(-4)*(4/6 - 0). Let h = a - -109. What is the hundreds digit of h?
1
Let t(n) = -20*n**3 + n. Let r(v) = v**3 - 5*v**2 - 7*v + 2. Let d be r(6). Let q be d/8 - 2/4. What is the tens digit of t(q)?
1
Let l(f) = 119*f**3 + f**2 - 7*f - 10. Let b(o) = -59*o**3 - o**2 + 4*o + 6. Let g(j) = -5*b(j) - 3*l(j). Let x be (-9)/6*4/6. What is the tens digit of g(x)?
6
Suppose -3*b - b - 37 = -5*p, 0 = p + b - 2. Suppose -5*h - g + 708 = 0, -p*h + 530 = -g - 172. What is the tens digit of h?
4
Let o be ((-130)/(-6))/(1/(-3)). Let h = 31 + -126. Let v = o - h. What is the units digit of v?
0
Let i = 14 - 10. Suppose -2*l + 4*v + 222 = 0, 29 - 542 = -5*l - i*v. What is the hundreds digit of l?
1
Let u = 65 - 59. Suppose 331 - 97 = u*v. What is the tens digit of v?
3
Let i(h) = 2*h**2 - 54*h + 53. Let z be i(26). What is the hundreds digit of 7446/30 + z/(-5)?
2
Let v(h) = 54*h - 12. What is the tens digit of v(6)?
1
Let m be (-4)/(-5)*30/12. Suppose m*l = -33 - 21. Let p = -4 - l. What is the units digit of p?
3
Let k(m) = 7*m + 357. What is the units digit of k(-25)?
2
Suppose l + 68 = 72. Suppose 0*x = -l*x + 472. What is the hundreds digit of x?
1
Let z be (-1 - (-6 - -4))/((-1)/(-3)). Suppose -z*n + 38 = p + 2*n, -83 = -p + 4*n. What is the tens digit of p?
6
Let q(x) = -x + 4. Let y be q(-2). Suppose 0 = 3*z - y*z. Suppose 4*k + r = 36, -5*k - r + 29 + 17 = z. What is the units digit of k?
0
Let t(k) = 26*k**2 + 8*k - 13. What is the tens digit of t(-6)?
7
Suppose 3*l - 7*n = -2*n + 3116, -2*l + 2109 = 3*n. What is the thousands digit of l?
1
Let h(p) = -17*p - 6. Let g be h(3). Let u = -53 - -150. Let x = g + u. What is the tens digit of x?
4
Suppose 22 = -2*y + 326. Suppose 0 = 5*a + 3*k - 144, 5*a - y = k - 0*k. What is the units digit of a?
0
Suppose -h = -3*o - 39, 4*h - 4*o = 110 + 22. What is the units digit of h?
0
Suppose 2*w + c - 99 = 0, 2*w = 21*c - 20*c + 109. What is the tens digit of w?
5
Suppose -25*l + 26*l = 4*z + 832, 3*z = -5*l + 4137. What is the tens digit of l?
2
Let m be (-1)/((-2)/(-212)*-2). Let q = m - 49. What is the units digit of q?
4
Let j = -80 + 50. Let k = j - -32. Suppose -4 = -k*d, -2*t = -6*t + d + 26. What is the units digit of t?
7
Let n = 8 + -5. Let j(f) = 28*f - 11. What is the tens digit of j(n)?
7
Let w(o) = -o**2 + 6*o + 4. Let x be w(7). Let g = x + 5. Suppose 16 = 2*d + g*d. What is the units digit of d?
4
Let j = -31 - -31. Suppose 2*c - c - 7 = j. Suppose -529 + 207 = -c*q. What is the units digit of q?
6
Let w be (-5089)/(-63) + (-4)/(-18). Suppose -5*l + 4*t + 134 = 0, -3*l + 3*t = -0*l - w. What is the tens digit of l?
2
Suppose -1323 = 68*y - 117*y. What is the tens digit of y?
2
Let d(v) = -470*v + 42. What is the thousands digit of d(-5)?
2
Let r(b) = 184*b**2 + 14*b - 4. What is the hundreds digit of r(-2)?
7
Suppose 4*w - 66 = -5*p, p = 6*p - 2*w - 42. Let t(m) = -7 + 4*m**3 - 3*m**3 - 10*m**2 - m**2 + 11*m. What is the units digit of t(p)?
3
Let d(b) = b - 4. Let q be d(-23). Let z = 36 - q. What is the tens digit of z?
6
Suppose -3*t = -5*h + 59, t + 53 = -2*h + 7*h. Let m be (12/h)/(3/(-15)). What is the tens digit of (3/(-6))/(m/144)?
1
What is the units digit of (-2)/(-20 + 0) - 117117/(-130)?
1
Let f(z) = z**3 - 6*z**2 + 3. Let c(b) = -b**3 + 6*b**2 + b - 2. Let h(j) = 5*c(j) + 4*f(j). What is the tens digit of h(4)?
5
Suppose -4*r + 1 + 11 = 0. Suppose -4*o - 5*w + 111 = 0, -4*o + w - r*w = -114. Let u = 45 - o. What is the units digit of u?
6
Let t(h) = -2*h + 907. What is the units digit of t(46)?
5
Let t = -13 + 34. What is the units digit of 372/t - 8/(-28)?
8
Suppose s + a = -0*a - 45, 4*s - 2*a = -210. Let d = s - -111. What is the units digit of d?
1
Suppose 2*s - 190 = -n + 3*n, n + 101 = 4*s. Let v = n + 253. Suppose 10 = -2*k, 0*k + 4*k = -4*m + v. What is the units digit of m?
5
Suppose -3*h = -5 - 1. Suppose 72 = h*d - 48. Suppose -4*a = 3*f - 145, 3*f - 2*a - 217 = -d. What is the units digit of f?
1
Let j(q) = q**3 - 7*q**2 + 8*q + 3. Let d be j(6). Let n = -12 + d. Suppose -x = -o + n*x + 21, 3*x - 6 = 0. What is the units digit of o?
9
Suppose -8 = -5*k + 12. Suppose 4*o + k*l - 59 = 821, 4*o - 870 = -2*l. What is the units digit of o?
5
Let g be (0 - 4) + 7*(-6)/(-7). What is the units digit of 22/33 - (g + 124/(-3))?
0
Let j = 16 + -18. Let y = j - -4. Suppose -y*r = -u - 0*u, 0 = -2*u - 4*r + 8. What is the units digit of u?
2
Let n be (-70)/(-2) - (-6)/2. Let f = n + -27. What is the tens digit of f?
1
Let c(n) = 740*n - 7. What is the hundreds digit of c(2)?
4
Let x be -16*(3/(-2) + -1). Let m = -113 - -93. Let c = x + m. What is the units digit of c?
0
What is the hundreds digit of (-193980)/(-48) + 3/(-48)*4?
0
Suppose -z - 1811 = -2877. What is the hundreds digit of z?
0
Suppose -x = -0 + 1. What is the units digit of x/((-5)/318) - 14/(-35)?
4
Let g = 28 + 611. What is the units digit of g?
9
Suppose h - j = 101, 2*h - 251 = -4*j - 61. Suppose -4*w = 3*b - 216, -4*w - 5*b = -h - 117. What is the units digit of w?
4
Suppose 24 = 5*o - 2*o. Suppose o*x - 3*x = 235. What is the units digit of x?
7
Let c(q) = q - 3. Let b be c(-3). Let f = 35 + b. What is the units digit of f?
9
Let g(j) = -210*j + 14. What is the units digit of g(-2)?
4
Let d = -176 + 32. Let c = -88 - d. What is the tens digit of c?
5
Let i(l) = l**3 - 2*l**2 - l + 4. Let r be i(2). Suppose -r*y = 7*y - 1638. What is the tens digit of y?
8
Let y be 0/(6/3) + 72. Suppose 3*p + n = 2*n + 115, y = 2*p - 3*n. What is the units digit of p?
9
Suppose 0 = 6*g + 3*g + 1629. Let a = g - -275. What is the tens digit of a?
9
Suppose -q - 20*i + 347 = -16*i, -2*q + 694 = -3*i. What is the hundreds digit of q?
3
Suppose 101 = t - 2*t - 4*n, 0 = 3*t + 5*n + 338. Let o = 194 + t. What is the units digit of o?
3
Let b = 0 + 3. Suppose 2 = -5*u - b. Let y(a) = -21*a. What is the tens digit of y(u)?
2
Let j be (-4)/3 - (-64)/12. Let h = 92 - 64. Suppose j*t - 29 = -n, 5*t + 0*n + 4*n = h. What is the units digit of t?
8
Let j(u) = 403*u**2 + 19*u. What is the tens digit of j(-3)?
7
Let f(q) = q**2 - 2*q - 4. Let y(m) = 2*m**2 - 3*m - 8. Let b = 2 + -7. Let o(u) = b*f(u) + 3*y(u). What is the units digit of o(-4)?
8
Suppose 3*j - b - 1231 = 0, 3*j = 3*b - b + 1229. What is the units digit of j?
1
Let p be (2/(-5))/((2/(-1))/700). Suppose -56*n - p = -61*n. What is the units digit of n?
8
Let h = -23 + 68. Let u = h - 44. What is the units digit of u?
1
Suppose 0 = -2*n + 693 + 5531. What is the hundreds digit of n?
1
Suppose -2*m + 2*a - a = -81, 2*m = 5*a + 93. Suppose 3*r + 3*c - 130 = -31, 0 = r - 2*c - m. What is the units digit of r?
5
Let s(c) = c**3 - 22*c**2 - 35*c - 47. What is the hundreds digit of s(27)?
6
Suppose -z = -3*z + 2*t + 10, 5*z + 15 = -3*t. What is the units digit of 33 - (-1 - z) - -2?
6
Let t = 1363 - 734. What is the tens digit of t?
2
Suppose 4*n = 4, y - 24*n = -25*n + 115. What is the tens digit of y?
1
Let p = 13 + -10. Suppose x = -p*j + 57, -3*x + 0*j = 2*j - 143. What is the units digit of x?
5
Let q be 5325/(-35) - 3/(-21). Let r = 13 - q. What is the units digit of r?
5
What is the tens digit of -6 + -4 + 6 + 20?
1
Let l(b) = 10*b + 0*b - 2 + 8 + 4*b. Let w be l(-9). What is the tens digit of (w/18)/(2/(-6))?
2
Suppose 1395 = -364*y + 367*y. What is the hundreds digit of y?
4
Suppose 3*j - 18 = -9. Let w(d) = 2*d - j*d - 3 + 0. What is the tens digit of w(-13)?
1
Suppose -33*a + 1437 = -19815. What is the hundreds digit of a?
6
Suppose m - 29 = h +